2 = -6*z. Suppose 3*p - 2*u = 3*u + z, 2*u - 3 = -3*p. Suppose -2*a + 25 = p*a. List the prime factors of a.
5
Let l(d) = -3*d + 38. What are the prime factors of l(0)?
2, 19
Suppose -45 = -3*b + 96. Suppose -b = -4*f + 45. What are the prime factors of f?
23
Let i = 53 + -25. List the prime factors of i.
2, 7
Let g(c) = -c**2 - 8*c - 4. Let u be g(-7). Suppose 2*a - u*q = 15, -a + 7 + 8 = q. List the prime factors of a.
2, 3
Let m be 4/(-14) + (-60)/(-14). Suppose 3*y + 4*t = -115 + 4, -m*y - 5*t - 147 = 0. Let x = -18 - y. What are the prime factors of x?
3, 5
Let q be (-2*(5 - 4))/((-1)/2). Let o = -25 - -69. Suppose q*b - o = -0*b. List the prime factors of b.
11
Let r(d) be the second derivative of 5*d**3/6 - 5*d**2 - 2*d. Let n(u) = -u + 1. Let h(m) = -6*n(m) - r(m). What are the prime factors of h(5)?
3
Suppose -32 - 56 = -2*q. What are the prime factors of q?
2, 11
Suppose 0 = -4*u - 12, 2*c - 7*u - 20 = -3*u. Let g(j) = j + 3. What are the prime factors of g(c)?
7
Let z(l) = l**3 + 8*l**2 + 8*l + 3. Let a be z(-6). Let b be (a/(-12))/((-9)/24). Let x = -2 + b. List the prime factors of x.
2
Let v(y) = y**2 + 8*y - 4. List the prime factors of v(-11).
29
Let h be (-4 - -2)*66/(-4). Let d = 50 + -48. Suppose 0 = i + d*k - 11, -2*i + h = i - 5*k. List the prime factors of i.
11
Suppose 858 = 5*w + 153. What are the prime factors of w?
3, 47
Suppose -5*o + 23 + 22 = 0. Suppose 0 = -4*r + r + o. Suppose -2*k = r*k - 30. List the prime factors of k.
2, 3
Suppose -2*u = -3*b + 99, -5*b + 6*u + 166 = 3*u. Let y = b + -59. Let m = y + 35. List the prime factors of m.
11
Suppose -15*o - 15 = -45. List the prime factors of o.
2
Let m(x) = 8*x + 29. What are the prime factors of m(11)?
3, 13
Let i(t) = 16*t - 12. What are the prime factors of i(8)?
2, 29
Let i(u) = u**3 + 9*u**2 - 11*u - 10. Let s be i(-10). Suppose s = 2*v - 51 - 59. What are the prime factors of 375/v - (-4)/22?
7
Suppose 3 = -h + 38. List the prime factors of h.
5, 7
What are the prime factors of 2/15 + (-1)/((-30)/1766)?
59
Suppose -8 = -2*u + 4*a - 8*a, -5*a + 40 = 5*u. What are the prime factors of 2*34*3/u?
17
Let f(w) = 9*w - 7. What are the prime factors of f(5)?
2, 19
Suppose 2*y + 2*y - 8 = 0. Suppose 0 = -o + y - 1. Suppose -2*u = -13 + o. List the prime factors of u.
2, 3
Suppose -4*s - s = k - 91, 2*s - 10 = 0. What are the prime factors of k?
2, 3, 11
Let d(x) = x + 2. Let u be d(0). Suppose -21 = -3*s + 3*o, u*o = 5*s - 19 - 4. Suppose -z - 1 = 0, 3*j + 5*z - 4 = s. List the prime factors of j.
2
Suppose -5*v - 63 = 2*d, 0*d = -d - 4. Let z(t) = -t**2 - 13*t + 1. What are the prime factors of z(v)?
23
List the prime factors of (-1422)/(-21) - 8/(-28).
2, 17
Let q be (6/(-15))/((-2)/10). Let v(s) = 31*s**2 - 2*s. Let i be v(q). Suppose -i = -0*k - 5*k. What are the prime factors of k?
2, 3
Let f(y) = -y**2 + 4*y. Let k be f(3). Suppose -3*v + 2*p - p - 25 = 0, -k = v + 5*p. Let d = 3 - v. What are the prime factors of d?
11
Suppose -6*q + 3*q = -27. What are the prime factors of (-6)/q*(-189)/6?
3, 7
Let i(a) = a**3 - 4*a**2 + 4. Let q = -7 + 11. List the prime factors of i(q).
2
Suppose 4*v = -4*b + 6*v + 12, 2*v = b - 6. Suppose 0 = -z - z + b. What are the prime factors of z*(-1 - 0)*-3?
3
Suppose -i = -33 - 4. List the prime factors of i.
37
Suppose -5*u + 133 + 72 = 0. Suppose 2*r - 4*r = 3*w - u, -5*w = 5*r - 70. What are the prime factors of w?
13
Suppose -6*l + 417 = -195. List the prime factors of l.
2, 3, 17
Let z(n) = -n. Let x(t) = 7. Let g(c) = -x(c) + 2*z(c). Let h(k) = k**3 - 2*k - 6. Let j be h(0). What are the prime factors of g(j)?
5
Let k be 8/(-16) + 261/2. Suppose -3*w - 69 = -3*y, 5*y - k = 3*w - w. What are the prime factors of y?
2, 7
Let h = 456 + -280. What are the prime factors of h?
2, 11
Suppose -5*j - 4*l = -22, 0*l = 3*l - 9. Suppose -3*y + j*i + 27 = -i, -3*y = i - 27. What are the prime factors of y?
3
Let t(q) = -3*q**3 - 2*q**2 - 2. Let x be t(-3). What are the prime factors of x/5 + (-2)/10?
2, 3
Let r(m) be the third derivative of 13*m**6/40 - m**4/24 + m**2. List the prime factors of r(1).
2, 19
Let s(f) = f**3 - 10*f**2 + 8*f - 17. List the prime factors of s(10).
3, 7
What are the prime factors of (-11 + 4)*(-4 + 1)?
3, 7
What are the prime factors of (-4)/(-6) - 507/(-9)?
3, 19
Let d = -49 + 69. List the prime factors of d.
2, 5
Suppose 0 = 4*i + 5*o - 263, -4*i + 160 = 4*o - 104. Let g = i + -36. List the prime factors of g.
31
Let a(f) = f + 29. Let n be a(-23). Let w = 5 + -3. Suppose -4*h + 3*x = -52, -n = -2*h - w*x + 20. What are the prime factors of h?
13
Suppose -5*n + 268 = -772. What are the prime factors of n?
2, 13
Suppose 2*n = 3*y + 4*n - 5, 5*y - 11 = -2*n. Suppose 6*z + 21 = 3*a + y*z, 0 = -4*a + 2*z + 24. What are the prime factors of a?
5
Suppose -d = -2*g - 13, 3*d - 8*d = -4*g - 23. Let k = g + 10. Let r = k - -4. What are the prime factors of r?
7
Suppose 3*u = 4*l + 35, 4*u + 0*l + l = 15. Let o be (-1 + 1)/(3 - u). Suppose 4*x + 8 - 36 = o. What are the prime factors of x?
7
Suppose 92 + 158 = 5*d. What are the prime factors of d?
2, 5
Suppose -30 = -5*w - 5*g, -12 = 2*g + 2*g. List the prime factors of w.
3
Let i = 5 - 2. Suppose 4*b = 3*l - 113, 5*l + i*b - 97 = 130. List the prime factors of l.
43
Let l = -21 + 46. Let h = -105 - -147. Suppose 0 = -5*o - l, -i + 2*o + h = 3*i. List the prime factors of i.
2
Let y(d) = d**3 + 6*d**2 + 6. Let n be y(-5). Suppose 3*s = 4*a - n - 14, 5*a + s = 61. List the prime factors of a.
2, 3
Let q(c) be the second derivative of -10*c**3/3 + 4*c. Let w(h) = -h. Let g(n) = -q(n) + 6*w(n). What are the prime factors of g(1)?
2, 7
Let c(l) = l**2 + 7*l + 8. What are the prime factors of c(-10)?
2, 19
Suppose 2*x + 4*g = 8, 20 = 5*x - 3*g - 0. Suppose -2*y + 47 = 4*u + y, -x*u + 37 = y. What are the prime factors of u?
2
Let a(f) = 32*f**2 + f. What are the prime factors of a(1)?
3, 11
What are the prime factors of (20/12)/((-2)/(-84))?
2, 5, 7
Let q = 8 + 2. List the prime factors of q.
2, 5
Suppose -2 = -m - 5*y, -3*m + 2*y + 8 = m. Suppose 4*p = m*v + 13 + 15, 28 = 4*p + v. Suppose 5*s - p*s = -42. What are the prime factors of s?
3, 7
Let v(r) = 26*r**2 - r. Let i(s) = s**2. Let l be i(-1). What are the prime factors of v(l)?
5
Let t(a) = -a**2 - 4*a. Let g be t(-4). Let o be g - (2 + -5 - 0). Suppose -4*h - 6*l + 70 = -o*l, 3*h - 3*l = 63. List the prime factors of h.
19
Let d = 136 - 86. List the prime factors of d.
2, 5
Suppose 4*l - a - 64 = 4*a, -l + a = -17. List the prime factors of l.
3, 7
Let a(g) be the third derivative of g**6/120 + g**5/20 - g**4/4 - g**3/6 - 3*g**2. Let k be 2/6 - 39/9. List the prime factors of a(k).
7
Suppose 8*y + 296 = 12*y. List the prime factors of y.
2, 37
Suppose 34 + 356 = 5*a. Let x = a + -39. List the prime factors of x.
3, 13
Suppose -3*d + 8*d = -40. List the prime factors of 100/16 - (-2)/d.
2, 3
Let j = 3 - -52. What are the prime factors of j?
5, 11
Let r(g) = g - 4. Let b be r(7). Let w be 2 - (b - (3 + 1)). Suppose n - 60 = -w*n. List the prime factors of n.
3, 5
Suppose 5*a = 2*c - 17, 5*a = 6*c - 2*c - 19. Let o = c - -10. List the prime factors of o.
11
Suppose -3*n = 5*t - 141, 2*t - 2*n - 26 - 24 = 0. Let z be t/12 - (-2)/(-8). List the prime factors of (-1 + (-9)/(-2))*z.
7
Suppose -654 = -8*d + 2*d. What are the prime factors of d?
109
Let s(a) = -2*a + 7. Let b be s(6). List the prime factors of 2/(b/(130/(-4))).
13
List the prime factors of (-9)/(3/(-15)*1).
3, 5
Let p(q) = q**3 + 7*q**2 + 6*q + 1. Let b be p(-6). List the prime factors of -9*((-5)/b + 2).
3
Let a(w) be the first derivative of 13*w**3/3 + w**2/2 - w - 2. Suppose -n + 10 = -3*b, -n + 3*b = 2*n - 12. List the prime factors of a(n).
13
Let y = 19 + -40. Let t = -41 - y. List the prime factors of ((-32)/t)/((-1)/(-5)).
2
Let b(s) = -4*s + 5. Let m be b(-7). Let u = m - 17. What are the prime factors of u?
2
Let b(a) = a**2 + 7*a + 1. Let j be b(-7). Let o(m) = -4*m**3 + m**2 + m + 1. Let z be o(-1). Suppose 0 = z*g - j - 19. What are the prime factors of g?
2
Let d(l) = 4*l + 2. Let x(y) = -5*y - 3. Let n(z) = 4*d(z) + 3*x(z). What are the prime factors of n(9)?
2
Let q(j) = j. Let z be q(2). Suppose z*p - 6 = 2. Suppose 5*c - 5*d = -p*d + 3